 is the highest common divisor of 1493 and 41835353?
1493
What is the greatest common divisor of 540 and 959989185?
135
What is the greatest common divisor of 2835 and 194115?
15
What is the greatest common divisor of 136802976 and 304?
16
What is the greatest common factor of 4228 and 17866352?
28
What is the highest common factor of 2130890784 and 66?
66
Calculate the greatest common divisor of 5151 and 29768538.
303
Calculate the highest common divisor of 19910 and 182810.
1810
What is the greatest common divisor of 6153778 and 858414?
3622
What is the greatest common divisor of 13664295 and 23328?
81
Calculate the highest common factor of 8632 and 13958776.
104
What is the highest common factor of 43168020 and 5040?
420
What is the greatest common divisor of 49 and 29877799?
49
Calculate the highest common factor of 1058320 and 10.
10
What is the highest common factor of 169100 and 4525116?
6764
What is the greatest common factor of 22968 and 26424?
72
Calculate the greatest common factor of 467772 and 32674.
34
What is the highest common factor of 308864 and 95?
19
Calculate the greatest common factor of 48 and 25501424.
16
Calculate the greatest common factor of 189455 and 686.
7
Calculate the highest common factor of 429152 and 1744.
16
What is the highest common factor of 111 and 14800481?
37
What is the highest common factor of 46 and 125117516?
46
What is the highest common divisor of 386828 and 124748?
52
Calculate the highest common factor of 10428 and 13416.
12
What is the greatest common factor of 1072 and 103893744?
16
What is the greatest common divisor of 1291337 and 187?
17
What is the greatest common factor of 124 and 94395961?
31
What is the greatest common divisor of 13224 and 4684?
4
What is the greatest common divisor of 597 and 48931115?
199
Calculate the highest common divisor of 7062 and 10716354.
66
Calculate the greatest common factor of 40501 and 17.
1
What is the greatest common divisor of 2185050 and 1750?
350
What is the greatest common factor of 407760 and 124560?
240
Calculate the greatest common factor of 102368295 and 12060.
3015
What is the greatest common factor of 4316117 and 78?
13
Calculate the highest common divisor of 65234 and 104606.
386
Calculate the greatest common factor of 71863 and 293656.
517
Calculate the highest common factor of 626064675 and 1175.
1175
What is the highest common factor of 44500288 and 48?
16
Calculate the highest common divisor of 834 and 62198608.
278
Calculate the highest common factor of 63 and 1602174.
21
Calculate the greatest common factor of 39 and 14475266.
13
What is the greatest common divisor of 35479 and 605230?
2087
What is the highest common factor of 57 and 36955722?
57
Calculate the greatest common divisor of 19662 and 952128.
174
What is the highest common factor of 46588 and 131182?
1226
What is the greatest common divisor of 8 and 73706692?
4
What is the highest common divisor of 41397600 and 510?
30
Calculate the highest common factor of 18219862 and 761.
761
Calculate the greatest common factor of 24238379 and 454.
227
Calculate the greatest common factor of 1127 and 32019197.
1127
Calculate the greatest common divisor of 70 and 4423405.
35
Calculate the highest common factor of 16703264 and 688.
688
What is the highest common divisor of 297790180 and 6540?
2180
What is the highest common factor of 6 and 4583304?
6
What is the highest common divisor of 57325 and 20625?
25
Calculate the highest common divisor of 5586 and 4772382.
114
Calculate the highest common factor of 448 and 307911296.
448
Calculate the greatest common factor of 3517724 and 20594.
14
What is the highest common factor of 22437016 and 224?
56
Calculate the greatest common divisor of 164002 and 121776.
86
What is the highest common factor of 14925160 and 74520?
920
Calculate the highest common factor of 62906384 and 112.
16
What is the highest common factor of 645771 and 2074807?
1127
What is the greatest common divisor of 294086 and 2054?
26
Calculate the highest common factor of 77468 and 3823324.
428
What is the highest common divisor of 231023865 and 4905?
1635
What is the greatest common divisor of 2666354 and 2934?
326
Calculate the greatest common divisor of 10 and 89367314.
2
What is the highest common factor of 1501184 and 736?
32
Calculate the greatest common divisor of 405 and 55585755.
45
Calculate the highest common factor of 290786 and 84219.
419
Calculate the highest common factor of 2486533 and 1.
1
What is the highest common factor of 366544 and 872?
8
Calculate the highest common factor of 68 and 6242468.
68
What is the highest common factor of 12465 and 117?
9
What is the greatest common factor of 44299 and 797568?
31
Calculate the highest common factor of 38321768 and 5768.
824
What is the greatest common divisor of 7849 and 12408?
47
What is the greatest common factor of 2782 and 1867528?
26
What is the highest common factor of 1016 and 7045512?
8
What is the greatest common divisor of 805634 and 4?
2
Calculate the highest common factor of 82 and 1947377.
41
What is the greatest common divisor of 26708 and 32736?
44
What is the highest common factor of 14322 and 25970560?
4774
What is the highest common factor of 52017 and 8519?
7
Calculate the highest common factor of 1797 and 452046.
3
Calculate the greatest common factor of 8 and 2334342.
2
What is the greatest common factor of 2992160 and 3680?
160
What is the highest common factor of 1194 and 5139573?
597
What is the highest common factor of 467 and 6461879?
467
Calculate the highest common factor of 118437 and 251933.
407
Calculate the highest common factor of 863241386 and 658.
658
What is the greatest common divisor of 25157 and 6236649?
2287
What is the highest common divisor of 4321698 and 24?
6
What is the greatest common divisor of 4972 and 54604?
44
Calculate the greatest common divisor of 192511 and 57959.
121
What is the highest common factor of 1056168 and 360?
72
Calculate the greatest common divisor of 1 and 3899227.
1
What is the greatest common factor of 275760970 and 90?
10
Calculate the greatest common factor of 2794 and 78684247.
127
What is the highest common divisor of 10845 and 36489810?
3615
What is the greatest common divisor of 16641558 and 3450?
138
What is the highest common divisor of 14464 and 142076?
4
Calculate the highest common divisor of 433948 and 62190.
1382
What is the greatest common factor of 6695752 and 427576?
4408
Calculate the greatest common factor of 398424 and 13480.
8
Calculate the highest common factor of 3314 and 2.
2
Calculate the highest common factor of 359247 and 26439.
21
What is the highest common factor of 2973977 and 63261?
71
What is the highest common factor of 5698183 and 2?
1
Calculate the greatest common divisor of 15750027 and 369.
369
Calculate the greatest common factor of 16371 and 1316421.
963
Calculate the greatest common divisor of 44291980 and 460.
20
Calculate the greatest common divisor of 959662 and 9251.
11
What is the highest common factor of 30678 and 43512?
6
What is the greatest common factor of 170 and 531485?
5
Calculate the greatest common divisor of 45 and 2509665.
15
Calculate the highest common factor of 450 and 681678.
18
What is the greatest common divisor of 1339713 and 3977721?
1593
Calculate the greatest common factor of 4608 and 1475856.
144
What is the highest common divisor of 104365 and 555?
5
What is the highest common divisor of 10794 and 5133318?
1542
Calculate the greatest common divisor of 329134 and 32708.
26
Calculate the highest common divisor of 603 and 10070636.
67
Calculate the highest common divisor of 4168921 and 41.
41
What is the highest common divisor of 33 and 13426831?
11
What is the greatest common divisor of 3213 and 9751?
7
What is the greatest common divisor of 11206320 and 234048?
2544
Calculate the highest common factor of 4326 and 4375.
7
Calculate the highest common divisor of 110 and 1469149770.
110
Calculate the greatest common divisor of 36015944 and 266.
38
Calculate the greatest common divisor of 3444 and 2588535.
123
Calculate the greatest common factor of 76 and 1947884.
4
What is the highest common factor of 3228208 and 464?
16
Calculate the greatest common divisor of 305122 and 53